2*g - 90. Suppose 2*i = -i + g. What are the prime factors of i?
2, 5
Let o = -2 - -4. Let u be (-1 + -1 + o)/1. Suppose b - 13 + 5 = u. List the prime factors of b.
2
Let f(d) = d**3 - 10*d**2 + 16*d + 13. What are the prime factors of f(10)?
173
Suppose m + 1 - 5 = 0. Let s(a) = -2*a**2 + a**3 - m - 2*a**3 + 2. What are the prime factors of s(-3)?
7
Let j be -3*(-1)/(-2)*-2. Suppose j*o - 78 = 75. List the prime factors of o.
3, 17
Let d = 56 + -37. What are the prime factors of d?
19
Let g = 67 - 44. Suppose -2*v = -d + g, d - v = -0*d + 26. Suppose -3*u - a = -5*u + 6, -a + d = 5*u. What are the prime factors of u?
5
Let c(g) = 0*g + 5*g**2 + 4 - g**3 + 2*g - 8. Let n be c(5). Suppose -2*w + n + 10 = 0. List the prime factors of w.
2
Let v = 114 - 44. Suppose -5*f = -5*b + v, -b - 56 = -5*b - f. What are the prime factors of b?
2, 7
Let k(r) = -4*r - 1. Let c be k(-6). Let n = c + -11. List the prime factors of n.
2, 3
Let o = 34 - 7. What are the prime factors of o?
3
List the prime factors of (34 - -2)*(-20)/(-16).
3, 5
Suppose -z + 4*u + 47 = -13, 0 = 3*z - 5*u - 215. List the prime factors of z.
2, 5
Let d(z) = -23*z - 1. Let x be d(-1). Let t = 4 - 0. Suppose 5*n + t*b - x - 20 = 0, 0 = -2*b - 4. What are the prime factors of n?
2, 5
Let y = -6 - -5. Let u(i) = 35*i**2 - i - 1. Let b be u(y). Suppose -a + 5*s = 3*a - b, -2*a = 4*s - 50. List the prime factors of a.
3, 5
Suppose 5*f - 8 - 2 = 0. Suppose 0 = -f*y + 2*k + 40, -2*y + 4*k + 11 = -y. List the prime factors of y.
23
Suppose 3*r - 2*r = 4*s - 24, 2*s - 12 = 4*r. List the prime factors of s.
2, 3
Suppose -4*i = 8, 3*i - 42 = 2*b - 292. List the prime factors of b.
2, 61
Let d be (2/(-2))/(1/(-2)). Suppose -v = d*u - 13, 2*u - 52 = -4*v + u. List the prime factors of v.
13
Suppose -3*t - 3*q = -162, 3*t = -4*q + 101 + 65. What are the prime factors of t?
2, 5
Let b(i) = -i**3 + 6*i**2 + 9*i - 8. List the prime factors of b(6).
2, 23
Suppose -3*l + 2*l = -2. Suppose -l*i + 11 = 3. What are the prime factors of i?
2
Let q(a) = 4*a**2 + a - 2. What are the prime factors of q(4)?
2, 3, 11
Suppose 0 = -2*i + 5*y + 65, 2*y - 11 + 101 = 4*i. List the prime factors of i.
2, 5
Suppose -s - 4*n - 17 = 0, 3*s - n - 20 = -2*s. Suppose 75 = -s*x + 8*x. What are the prime factors of x?
3, 5
List the prime factors of -3 + 0 + 11 - 1.
7
Suppose 3*c - 2*o + 16 = -7*o, 5*o = -25. Let x(l) = -l**2 + 5*l - 1. What are the prime factors of x(c)?
5
Let k(g) = -14 + 0*g**3 - 6 + 12*g**2 + 2*g**2 - g**3 + 5*g. List the prime factors of k(14).
2, 5
Let r = -77 + 145. List the prime factors of r.
2, 17
Suppose 2*y = -y. Suppose 3*t + 1 = 2*c - 19, y = 4*c + 4*t - 80. List the prime factors of c.
2
Let t = 143 - 77. What are the prime factors of t?
2, 3, 11
Suppose 0 = -0*r - r - 5*d - 16, 48 = -3*r + 3*d. Let a be (18/24)/((-6)/r). What are the prime factors of a/(-2)*10/(-2)?
5
Let g be (-2)/(-11) + 40/22. Suppose -2*v - 2*u = g*u - 32, -2*u = 0. List the prime factors of v.
2
Suppose 0*a = -5*a + 275. List the prime factors of a.
5, 11
Let s = 11 - 0. What are the prime factors of s?
11
Let k(d) = -d**3 - 5*d**2 - 3*d - 2. Let n be k(-4). Let l(i) be the first derivative of -i**2/2 + i + 1. List the prime factors of l(n).
7
Let u = -11 - -42. What are the prime factors of u?
31
Let m(l) be the first derivative of 0*l - 7/2*l**2 - 1. List the prime factors of m(-1).
7
Let l = -13 + 83. What are the prime factors of l?
2, 5, 7
Let m(a) = a**3 - 8*a**2 + 3*a - 3. List the prime factors of m(8).
3, 7
Let q(u) = u**2 - 2*u + 3. Let v be 5*2*(-3)/6. List the prime factors of q(v).
2, 19
What are the prime factors of 71 + (-4 + 5)*-2 + 2?
71
Let s = -3 - -10. Let b(k) = k**3 - 5*k**2 - 11*k + 6. What are the prime factors of b(s)?
3
Suppose 2*u - 3*r - 183 = -2*u, -3*u = r - 147. What are the prime factors of u/21 + 6/(-21)?
2
Suppose -5*q + 34 = -51. Let o = q + -6. What are the prime factors of o?
11
Let n = -164 - -385. List the prime factors of n.
13, 17
Let x be ((-19)/(-5) - 3)*5. Let a = -2 + x. List the prime factors of a.
2
Let c = -3 + 5. Let r be -2 - (c - 5) - 3. List the prime factors of r/(-2 + (-36)/(-21)).
7
Let l(o) = o**3 - 9*o**2 + 7*o + 10. Let p be l(8). Suppose -p*t - 25 = 3*t. Let a = t - -8. List the prime factors of a.
3
Suppose -f = 5*f - 198. List the prime factors of f.
3, 11
Suppose -3*a = 2*a - 30. List the prime factors of a.
2, 3
Suppose -2*u + 14 = 3*c, -5*c + 4*u + 22 = 7*u. Suppose -4*t + 52 = c*w - w, -4*w - 4*t + 148 = 0. What are the prime factors of w?
2
Let f be (-12)/(-20)*15/3. Suppose 3*l - 6*y = -f*y + 51, 5 = -5*y. What are the prime factors of l?
2
Let u(j) = 4*j + 5. Let b(s) = s + 1. Let m(d) = -3*b(d) + u(d). What are the prime factors of m(6)?
2
Let q(t) = -19*t + 4. List the prime factors of q(-5).
3, 11
Let h be 3 - (-23 - (-8)/4). Suppose 4*i = -0*i + h. List the prime factors of i.
2, 3
Let b(c) = 2*c + 11. Let m be b(6). Suppose 5*f - 63 = -m. What are the prime factors of f?
2
Let z(v) = -20*v - 34. List the prime factors of z(-8).
2, 3, 7
Let w = 41 + -18. List the prime factors of w.
23
Let t(m) = 11*m**2 + m + 1. Suppose 0 = q - 3 + 4. List the prime factors of t(q).
11
What are the prime factors of 14/56 - 158/(-8)?
2, 5
Let n be 8 + 5/(5/(-3)). Let h = 7 - n. What are the prime factors of (h/(-4))/(1/(-4))?
2
Let g(h) = h**2 - 2*h - 4. Let m be g(4). Suppose -4*a - 16 = 8. What are the prime factors of 3/a - (-26)/m?
2, 3
Let m = 8 - 5. Suppose -v + m = -0*v - 3*s, 3*v - 9 = s. Suppose v*g = g + 36. What are the prime factors of g?
2, 3
What are the prime factors of (-1776)/(-10) - 2/(-5)?
2, 89
Let u(b) be the second derivative of 0 - 2*b**2 + 2*b + 1/6*b**3. What are the prime factors of u(9)?
5
Let v be (0/(-2 + 3))/(-1). Suppose 2*l - 2*h - 26 = v, h + 3 + 20 = 2*l. What are the prime factors of l?
2, 5
Suppose -3*r + 163 = -2*w, -2*r = 2*r - 2*w - 218. Suppose -5*u = -o + r, 3*o - u = 138 - 1. List the prime factors of o.
3, 5
Let f(s) = -s - 1. Let i be f(-5). Let d(b) = b - 6. Let m be d(i). Let u(l) = l**3 + 3*l**2 - l - 2. What are the prime factors of u(m)?
2
Suppose -4*f + 10 = 2. What are the prime factors of f?
2
Let b(u) = u + 2. Let c be b(-1). Let n be -2*(c + 0)*37. List the prime factors of 3/(-12) + n/(-8).
3
Let r be -2*(-228)/(-8)*2/6. Suppose -w - 7 = 2*w + 2*s, -2*s = -8. Let i = w - r. List the prime factors of i.
2, 7
Let b(y) = -4*y - 37. What are the prime factors of b(-20)?
43
Let k be 1/(-4) + 966/24. Let g = k - 28. What are the prime factors of g?
2, 3
Let g(w) = w**3 - 18*w**2 - 37*w + 5. What are the prime factors of g(20)?
5, 13
Let o(r) be the third derivative of -r**4/2 + r**2. Suppose 4*k + 5*i - 22 = k, -2*k - 7 = -i. List the prime factors of o(k).
2, 3
Suppose w - 9 = 33. Suppose 4*c - w = 2*b, 37 + 26 = -3*b - 5*c. List the prime factors of (-4)/(-14) - 57/b.
3
Suppose -4*i + 6 = -l + 3*l, -5*i = 3*l - 8. Let c(t) = 6*t**2 - t + 1. List the prime factors of c(i).
2, 3
Let h be (-22)/(-12) + 2/12. Suppose -3*l = 3*j - 129, 0 = 3*j + h*j + l - 199. What are the prime factors of j?
3, 13
Let u = 15 - 9. Suppose -u*k + 2*k = -244. List the prime factors of k.
61
List the prime factors of 454/(-3*2/(-3)).
227
Let v = 16 + -4. Suppose -b = 3*b - v. What are the prime factors of (11/b)/(2/6)?
11
Let y = 6 + -4. Let z be 18 + (-1)/1*y. Suppose 4*t = z + 16. List the prime factors of t.
2
Suppose 3*u = -3*b, -b - 2*b = -2*u - 20. Suppose -3*w = -5*l + 167, 0 = b*l + w - 57 - 80. List the prime factors of l.
2, 17
Suppose -9*t + 8*t + 70 = 0. List the prime factors of t.
2, 5, 7
Let j(o) = o**2 - 4*o + 3. What are the prime factors of j(8)?
5, 7
Let z(h) = h**2 + 7*h + 2. Let p be z(-4). Let v(c) = -5*c - 3. What are the prime factors of v(p)?
47
Let t(u) = 8*u**2 + 4*u + 4. What are the prime factors of t(-3)?
2
Let j(z) = -z + 7. Suppose -1 = -5*a - 4*d + 4, -4*d = -4*a + 40. Let f(r) = -r**3 + 5*r**2 - 5. Let i be f(a). What are the prime factors of j(i)?
2, 3
Suppose -3*j = -j. Suppose 54 = -3*c - j*c. List the prime factors of 5/(15/c)*-1.
2, 3
Let h = 104 - -46. List the prime factors of h.
2, 3, 5
Suppose -4*b + 30 = 5*i, 0 = 2*i + 4*b - 41 + 17. Let l(c) = 2*c**3 + c**2 - 1. Let n be l(i). Let r = n - 8. 